2, -3*s + 0*s + 28 = w*i. List the prime factors of s.
2, 3
Let v = -20 - -16. Let b(n) = 3*n**2 + 6*n + 1. List the prime factors of b(v).
5
Let f be (0 - 2)*4/(-8). List the prime factors of 1/(f - (-4)/(-5)).
5
Let v(m) = -m - 12. Suppose 8 = -2*n + 4*i, -3*n - 3*i - 46 = 2*n. Let a be v(n). Let k(p) = -p - 1. What are the prime factors of k(a)?
3
Let c = -9 + 27. List the prime factors of c.
2, 3
Let t be (-45)/(-3) - 0/(-1). Suppose -p + 7 = -t. List the prime factors of p.
2, 11
Let u = 38 + 0. List the prime factors of u.
2, 19
Let y(f) = 4*f + 7. Let q(z) = -2*z - 3. Let l(b) = -7*q(b) - 4*y(b). What are the prime factors of l(-8)?
3
Let w(u) = 4*u + 20. List the prime factors of w(22).
2, 3
Let b(z) = -z. Suppose 0*f = -3*f + 6. Let g be b(f). Let h = 2 - g. List the prime factors of h.
2
Let r(m) = m + 4*m + 2 - m - m**2. Let z be r(4). Suppose -4*q = 3*p + p - 32, 0 = z*p - 5*q + 19. What are the prime factors of p?
3
Let g = -17 - -24. Suppose g = -4*x + 35. List the prime factors of x.
7
Let c(u) = -u**3 + 4*u**2 - 2*u. Let y be c(3). Suppose -5*p = -4*n + 84, y*n - 72 - 22 = -4*p. What are the prime factors of n?
2, 13
Suppose -11 - 5 = -4*j, 4*m - 2*j + 8 = 0. Let r(d) = -d**2 - d - 6. Let n be r(m). What are the prime factors of (-9)/6*20/n?
5
Let j be 1/2 - 22/4. List the prime factors of (-190)/(-25) + (-2)/j.
2
Let h(v) = -73*v - 2. List the prime factors of h(-2).
2, 3
Suppose 212 = o - 3*m, -8*o + 3*o + 965 = 4*m. List the prime factors of o.
197
Let k(p) = 3*p**2 + 5*p - 6. Let n be k(-5). Suppose 0 = -3*z + 5*c - 4, -3*z - 3*c = 2*c + n. Let u = 16 + z. List the prime factors of u.
2
Let b(c) = -c**2 + 7*c - 3. Let v be b(6). Suppose -5*j + v*j + 21 = f, -2*j + 66 = 4*f. What are the prime factors of f?
3, 5
Let t(a) = a**3 - 5*a**2 - 7*a + 8. Let p be t(6). Suppose 2*u - 5*y - 21 = 0, u = -3*u + p*y + 18. What are the prime factors of u?
3
Let m(j) = 99*j**2 - 2*j - 2. What are the prime factors of m(-1)?
3, 11
Suppose -120 = n - 6*n. What are the prime factors of n?
2, 3
List the prime factors of -3 + -1 - 14*14/(-4).
3, 5
Let n = -197 - -429. What are the prime factors of n?
2, 29
Let s(f) = f + 3. Let z be s(-2). List the prime factors of z/(1/90*3).
2, 3, 5
Let y(v) = v**2 - 6*v + 4. Suppose 0*u + u - 6 = 0. List the prime factors of y(u).
2
Let p(f) = f**3 - 11*f**2 + f - 11. Let q be p(11). Suppose -t + 0 + 8 = q. List the prime factors of t.
2
Let c = 128 + -67. Let m = c - 10. List the prime factors of m.
3, 17
What are the prime factors of (-14)/(-28)*(1 - 0)*102?
3, 17
Let p(c) = 3*c**2 + c - 3. Let x be p(-6). Let o = x + -61. What are the prime factors of o?
2, 19
Suppose -3*s - 59 + 167 = 0. List the prime factors of s.
2, 3
Let a = -382 + 537. List the prime factors of a.
5, 31
Let w(x) = -4*x**2 - 3*x - 4. Let h(t) = -5*t**2 - 3*t - 4. Let y(m) = 6*h(m) - 7*w(m). Let c be y(3). Let r(g) = g**2 + 2*g. List the prime factors of r(c).
3, 5
Suppose 5*o + x - 12 = 0, -x = -2*o + o. Suppose -t + o*t - 26 = 0. Suppose -c = 3*b - t, c = 2*b + 3*c - 20. What are the prime factors of b?
2
Let f(k) = -k**3 + k**2 - k + 11. Let a be f(0). Let h = a - 3. Suppose -c - c = -h. List the prime factors of c.
2
What are the prime factors of ((-60)/(-9))/(6/45)?
2, 5
Let z(y) = -y**3 - 7*y**2 + y + 7. Let p be z(-7). Suppose p*j - 60 = -4*j. What are the prime factors of j?
3, 5
Let d = 11 + -8. Suppose 16 = d*b + b. List the prime factors of b.
2
Let z = -14 + 29. Let l = 3 + 2. Suppose l + z = 2*p. What are the prime factors of p?
2, 5
Let k = 263 + -156. What are the prime factors of k?
107
Suppose 5*j - 37 = 123. List the prime factors of j.
2
Let b(a) = 2*a**3 - 22*a**2 + 12*a - 3. What are the prime factors of b(11)?
3, 43
Let u = 82 - 25. Let j = 112 - u. What are the prime factors of j?
5, 11
Suppose -3*n - 357 = -6*n. What are the prime factors of n?
7, 17
Let h be ((-1)/2)/((-2)/8). Suppose 0 = -h*m - 2*m - g + 105, 5*m - 5*g - 100 = 0. List the prime factors of m.
5
Let k(x) = -13*x**3 + x**2 - x - 1. Let t be (7/14)/((-2)/4). List the prime factors of k(t).
2, 7
List the prime factors of ((-4)/(-8)*2)/(2/284).
2, 71
Let n(s) = -s**3 + 4*s**2 + 6*s - 3. Let g be n(5). Suppose 0 = -2*l + 4 + 2. Suppose -g*t = 2*m - 12, l*t - 11 = 5*m + 23. What are the prime factors of t?
2
Suppose c = -5*j - 26, -j = 4*j + 25. Let d = c + 9. List the prime factors of d.
2
Suppose 0*m = 2*m - 126. List the prime factors of m.
3, 7
Let h be -105 + 0/(1 + 1). Let s = -67 - h. List the prime factors of s.
2, 19
Let f(d) = d**3 - 5*d**2 - 5*d - 4. Let v be f(6). Let r be 0 - (-2 + v)/1. Suppose -3*x = -4*m + 2, -3*x - m - m + 28 = r. What are the prime factors of x?
2, 3
Suppose -5*r - 405 = 5*c, 0 = -2*r - 4 - 6. List the prime factors of (-2)/(-6) - c/6.
13
Let a(c) = -18*c**3 - 2*c - 1. Suppose 2*f - f = 3*i + 2, -2*f + 5*i + 3 = 0. List the prime factors of a(f).
19
Let d(t) be the first derivative of 5*t**2 - 4*t - 5. What are the prime factors of d(4)?
2, 3
Suppose -4*d + 8 = 0, 4*b = -6*d + 3*d + 26. Suppose -132 = -5*c - 2*r, c + b*r = 6*c - 125. List the prime factors of c.
2, 13
Let h(a) = a**3 - 7*a**2 + 7*a - 2. Let k be h(6). Suppose k = 4*x - 0*x. Let c = x - -1. List the prime factors of c.
2
Let o(w) = w + 4. Let k(g) = -g**3 - 2*g**2 + g + 2. Let a be k(-4). Suppose a = 4*y + y. List the prime factors of o(y).
2, 5
Let w = 4 + -6. Let r be 2 + w + 0 + 2. Suppose -4*i = -3*a - 11, -6 = r*a - 2*i - 2. What are the prime factors of a?
3
Let l = 1095 - 782. What are the prime factors of l?
313
Let q be ((-2)/(-4))/((-29)/(-10) + -3). Let v(x) = 10*x. Let n(w) = -3*w. Let a(b) = -16*n(b) - 5*v(b). List the prime factors of a(q).
2, 5
Suppose 4*j - 60 = -44. What are the prime factors of j?
2
What are the prime factors of 536/24*(3 - 0)?
67
Let f be (-6)/21*(2 + -9). List the prime factors of f*(-3)/(6/(-13)).
13
Suppose -1296 = -3*n - 9*n. List the prime factors of n.
2, 3
Suppose 2*g + 5*l + 13 = 0, -2*g + l = 3*l + 10. Let o = g + 8. Suppose -38 = -o*p + 5*y, 4*p - 34 = 3*y - 0*y. List the prime factors of p.
7
Suppose -5*f + 165 = 55. What are the prime factors of f?
2, 11
Let r = -1 - -3. Let q(d) = 4*d**2 + 2*d**3 - 2 + 0 - 4*d**2 + 2*d - r*d**2. What are the prime factors of q(2)?
2, 5
Let k(f) = -40*f. Let s be k(-1). Suppose 4*w - s = -4*m, -20 = 5*m - 0*m. What are the prime factors of w?
2, 7
Let i = -3 - 2. List the prime factors of (i + 8)*2/3.
2
Suppose -4 = -2*f + 2. Let c(u) = -u - f + 4 + 0*u. What are the prime factors of c(-3)?
2
Let z(r) = r**2 + 1. Let s be z(3). Let y = s - -5. What are the prime factors of y?
3, 5
Let f = 1 - -2. Suppose 5 = f*l + 2. List the prime factors of (l*(-3 + 13))/2.
5
Let m(y) = y**2 + 10*y + 0*y**2 + 11 + 0*y. Let b be m(-8). List the prime factors of (-2)/5 - 42/b.
2
Let m(t) = t**3 - 2*t**2 - 3*t + 4. Let i = 1 - -3. What are the prime factors of m(i)?
2, 3
Let w be 5 + 21 - 1*3. Let q = -12 + w. What are the prime factors of q?
11
Suppose -b - 3*u = -2*b + 30, -5*b - u = -86. List the prime factors of b.
2, 3
What are the prime factors of -1 - -2 - 114/(-3)?
3, 13
Let i(j) = 5*j**3 + 3*j**2 - 2. Let n be i(-2). Let f = n + 65. Suppose -4*d - d = -f. What are the prime factors of d?
7
Let x = 13 - 10. Suppose 4*t - 65 - x = 0. What are the prime factors of t?
17
Let t(u) = -14*u + 5. What are the prime factors of t(-16)?
229
Suppose -4 = -4*u + 3*u. Suppose -20 = -4*y - 3*b, -2*y + b = -b + u. List the prime factors of y.
2
Let z = 2 - 0. Let v(q) = z*q - q + q + 2. List the prime factors of v(2).
2, 3
Let x(g) be the second derivative of -g**5/20 + 7*g**4/12 - 5*g**3/6 + 4*g. Let w be x(6). Let j(l) = 2*l - 9. What are the prime factors of j(w)?
3
Suppose -6*j = -7*j + 95. Suppose -j = -5*a - 5*r, 9*a - 4*a - 105 = -3*r. What are the prime factors of a?
2, 3
Let d = -71 + 123. List the prime factors of d.
2, 13
Suppose 0 = 7*a - 4*a - 3*l - 57, -5*a + 95 = -4*l. List the prime factors of a.
19
Let r be 1 + -1 + 0/2. Suppose 3*u - 9 - 24 = r. What are the prime factors of u?
11
Suppose -6*t = -3*t - 12. Let b be 1/4 + 6/8. Suppose -b + t = o. List the prime factors of o.
3
Suppose 0 = -g - 12 + 30. List the prime factors of g.
2, 3
Suppose 5*u + 0*u - 300 = -l, -5*l =